16 = 3*h, 6 = -4*j + 2*h. Let m be (1*-3 + j)*-1. Suppose -157 + 205 = 8*i. What is the greatest common divisor of m and i?
2
Let g = 19 - 26. Let a(c) = -c + 30. Let w be a(g). What is the highest common factor of w and 407?
37
Let c(p) = -64*p**2 - 48. Let v(h) = 21*h**2 + 15. Let j(f) = 5*c(f) + 16*v(f). Let l = 2 + 1. Let x be j(l). Calculate the greatest common divisor of 16 and x.
16
Suppose 0 = 4*i + j - 611, 81*i + 2*j = 79*i + 304. Calculate the greatest common divisor of 51 and i.
51
Let g = -33 + 35. Let i = 23 - 13. What is the greatest common divisor of g and i?
2
Suppose 0 = -5*t + 10*r - 13*r + 138, 5*t - 154 = r. Suppose q = 13 + 2. Calculate the greatest common divisor of q and t.
15
Suppose 86*p - 10080 = 25524. What is the highest common divisor of p and 54?
18
Let b be (-3)/(-2)*(-4)/3. Let p(g) = 32*g**2 + 2*g + 0*g + 2 - g. Let i be p(b). What is the highest common factor of i and 16?
16
Let q(m) = 18*m + 1. Let l be q(1). Let y be (-8)/(-16)*(7 - 1). Suppose 4*k - y*a = 307, 0*a + 4*a = -k + 72. Calculate the greatest common divisor of k and l.
19
Let i be (26/6)/(1/(-30)*2). Let q = i - -71. Calculate the highest common factor of q and 48.
6
Let p(v) = 6*v - 2. Let b be p(1). Suppose -c = b*u - 85, 4*c = -7 - 5. What is the highest common divisor of u and 55?
11
Let x(p) = 8*p - 2. Let b be x(3). Suppose 5*d - 15 = -0*d. Suppose 2*o - 22 = -2*q, 3*o + 33 = -d*q + 6*q. Calculate the greatest common divisor of b and q.
11
Suppose 2*t - m - 13 = 0, -t + 5*t + 5*m = -9. Suppose 0 = q + t, q = -5*u - 0*q + 186. What is the greatest common divisor of 266 and u?
38
Suppose 6633 - 485 = 116*x. Let b = -385 - -650. What is the highest common divisor of b and x?
53
Let k be 7/((-21)/370)*(-216)/30. Calculate the highest common divisor of 96 and k.
24
Let w(s) = -s**2 + 2*s + 4. Let t be w(3). Let x be 0 - (-36)/(t + 1). Let i be 42/x + 1/(-3). Calculate the greatest common divisor of i and 8.
2
Suppose 300*u = 264*u + 4680. Calculate the highest common factor of u and 702.
26
Let q be (-1573)/(-66) - (-4)/24. Suppose 2*u - 4*c - 16 = 0, -u + 3*c = -4*u + 42. Calculate the highest common factor of q and u.
12
Let u be (36/10)/((-50)/(-500)). Calculate the highest common divisor of 486 and u.
18
Let m = 14 + -11. Suppose -m = -7*f + 10*f. Let v be 2 - -5*(3 + f). Calculate the greatest common factor of 12 and v.
12
Suppose -5*t = -4*z - 7*t + 2134, 0 = 4*z + 4*t - 2136. Calculate the greatest common divisor of 41 and z.
41
Let j(l) be the second derivative of -1/2*l**2 + 0 - l**3 + 1/3*l**4 + 1/20*l**5 + 5*l. Let b be j(-5). What is the greatest common divisor of b and 12?
4
Let d(j) = -13*j**3 + 4*j - 3. Let z be d(-2). What is the greatest common divisor of z and 62?
31
Suppose 0 = -4*l + 5*b - 10*b + 24, 4*l + 3*b = 24. Let p(y) = y**3 - 6*y**2 + y - 4. Let v be p(l). Calculate the highest common factor of v and 2.
2
Let j be ((-5)/(-1))/(2 + -1). Suppose -a + 5*v + 55 = -0*a, 2*a = -j*v + 140. What is the greatest common factor of 26 and a?
13
Let o = 148 - -252. What is the greatest common factor of o and 25?
25
Let b be (-4)/3*(-66)/4. Let p = -10 + b. Calculate the highest common divisor of 12 and p.
12
Let c(y) = -y**3 + 12*y**2 + 13*y - 32. Let j be c(13). Let f be (j/(-28))/(3/21). Calculate the greatest common divisor of f and 4.
4
Suppose 4*r + 4*k - k = -35, -r + 4*k - 23 = 0. Let d = 49 + r. Let z(y) = 23*y**2 + 2*y - 1. Let o be z(2). What is the greatest common divisor of d and o?
19
Let p = -175 + 102. Let q = -7 - p. Calculate the greatest common factor of 6 and q.
6
Let s(z) = 2*z**3 - 8*z**2 + 8*z + 4. Let f be s(4). Suppose 0*c - 4*c + 42 = -3*q, -5*q + 70 = 5*c. What is the highest common divisor of c and f?
12
Let s = 4 - 4. Let y be (-3 + 3)*(s + -1). Suppose y*x - x + 12 = 2*o, 0 = -x + 3*o + 32. Calculate the greatest common factor of x and 220.
20
Suppose -958*i = -976*i + 228 + 150. Let h be (-15 + 1)/((-2)/4). What is the highest common divisor of i and h?
7
Let f be 808/(-14) + (-12)/42. Let m be (0 - f)/(2/1). Let g = m - 18. Calculate the highest common factor of 77 and g.
11
Let l(a) = 89*a**2 - a - 2. Let y be l(-1). Suppose 44 = 5*v - 2*t, t = -2*t - 6. Calculate the greatest common divisor of v and y.
8
Let a be (-137)/(-7) + (-126)/(-294). Calculate the highest common factor of 52 and a.
4
Let z(s) = -s**3 + 5*s**2 - 11*s + 36. Let x be z(4). What is the greatest common divisor of x and 28?
4
Let x be 47*(-1)/2*-2. Suppose 0 = 51*h - x*h - 28. Calculate the greatest common divisor of h and 63.
7
Suppose 4*n + 5*k - 189 = 0, 4*n - 10*k - 201 = -11*k. What is the highest common divisor of n and 9?
3
Let l(i) = i**2 - 7*i + 18. Let x be l(8). Suppose 0 + 2 = u. Suppose n - 130 = -n + u*k, 5*n = 3*k + 325. Calculate the greatest common divisor of x and n.
13
Suppose 0 = -3*l - 5*l + 32. Let t(z) = -z**3 + 5*z**2 - z - 1. Let x be t(l). What is the greatest common factor of 22 and x?
11
Let w(v) = -v + 3. Let u be w(0). Let i = 35 - 35. Suppose -5*j + 6 + 54 = i. What is the greatest common divisor of u and j?
3
Let a = 896 - 688. Calculate the greatest common divisor of a and 48.
16
Suppose 76 = 2*r - 140. Suppose -3*s - 37 = -0*x - 5*x, 4*x - 3*s = 32. Let b = x + 7. Calculate the highest common divisor of b and r.
12
Let k(n) be the third derivative of 23*n**5/60 + n**4/8 - n**3/2 - 24*n**2. Let s be k(2). Calculate the greatest common divisor of 38 and s.
19
Let x(t) = 5*t - 1. Let n be x(3). Let r be 4/(-6) - 14/(-3). Suppose -r = -2*d + 10. Calculate the highest common factor of n and d.
7
Suppose 3*f + 0*f - 850 = 4*g, 4 = 2*g. What is the highest common divisor of f and 187?
11
Suppose 5*o - 3*o + 42 = 0. Let n(t) = -t**3 - 21*t**2 - t - 13. Let v be n(o). Calculate the highest common divisor of 24 and v.
8
Let h(k) = -3*k**3 + 3*k**2 + 4*k + 3. Let z be h(-3). Let g = -28 - -22. Let m be ((-32)/g + 2)*54/36. Calculate the highest common divisor of m and z.
11
Let y = 171 - 160. What is the greatest common divisor of 44 and y?
11
Let i(s) = -s**2 + 14*s - 12 + 45 - 25*s. Let o be i(-13). What is the highest common divisor of 56 and o?
7
Suppose 0 = 3*r, -3*v - 70 = 3*r - 229. What is the highest common divisor of v and 371?
53
Suppose o = -25*h + 15*h + 521, -102 = -2*h + 2*o. Let l be 15 - (0 - -1) - 1. Calculate the greatest common factor of l and h.
13
Suppose -7 + 93 = 2*c + 5*u, -2*c = 4*u - 82. Let o be 10/(-4) - 8/((-144)/99). Calculate the greatest common factor of c and o.
3
Suppose 3*g + 0*g - 5*h - 38 = 0, -3*g = h - 32. Let u be 4 - (6 - 101 - 0). Calculate the highest common factor of u and g.
11
Suppose b + 6 = -5*w - 6, 5*b + 10 = 0. Let p(g) = -56*g**2 + 2*g. Let d be p(w). Let j = -116 - d. What is the highest common divisor of j and 16?
16
Let c(j) = 7*j**2 - 74 + 138 + j**3 - 72 - 10*j. Let o be c(-8). Calculate the greatest common divisor of 56 and o.
8
Suppose -r - 3*l + 1 = 0, 0*l - 10 = 2*l. What is the greatest common divisor of r and 40?
8
Suppose 29 = h + 81. Let w = h + 116. What is the greatest common divisor of 160 and w?
32
Let w = -907 - -909. Calculate the greatest common factor of 105 and w.
1
Let r be (-7)/(-7)*1*4. Let l be (r/(-8))/(2/(-124)). What is the highest common divisor of l and 31?
31
Suppose -8*r + 3900 = 17*r. What is the greatest common factor of 36 and r?
12
Let m = 477 - 358. What is the greatest common divisor of m and 493?
17
Let n be 65/7 + (-4)/14. Suppose 27 = 22*f - 21*f. Calculate the highest common factor of n and f.
9
Let k be 658 - (2/8)/(6/(-120)). Calculate the highest common factor of 51 and k.
51
Suppose -9*d = 4*d - 572. What is the highest common factor of d and 110?
22
Let w be (17/(-3))/(30/(-90)). Calculate the greatest common divisor of w and 272.
17
Let c = 53 + -4. Suppose 7*p - 12*p + c = 2*o, 0 = -o - 5*p + 37. Calculate the highest common factor of o and 252.
12
Let j be ((-2)/6)/(-4 - (-1820)/456). Calculate the greatest common divisor of j and 38.
38
Suppose 13*j + 3*t = 14*j - 36, -2*j + t + 52 = 0. Let r(x) = x + 3. Let h be r(9). What is the highest common divisor of h and j?
12
Let l = -270 + 291. Calculate the greatest common divisor of l and 525.
21
Suppose 6*j + 469 - 1639 = 0. Let i be (12/10)/((-32)/(-1